*2 + 6*k - 2. Let g(a) = a**3 + 6*a**2 + 7*a - 3. Let s(y) = -5*g(y) + 6*z(y). Calculate s(-6).
-3
Let z(j) be the third derivative of -j**4/6 + j**3/6 - 9*j**2. Let l(n) = -n**3 + 2*n**2 + 4*n - 1. Let h be l(3). Give z(h).
-7
Let t(b) be the first derivative of b**3/3 - 5*b**2/2 - 3*b + 1. Give t(6).
3
Let j be (2*3/2)/(-1). Let u(i) = i**3 + 3*i**2 - 4. What is u(j)?
-4
Let a(s) = s**2 - 8*s + 8. Let o(v) = v**3 - 12*v**2 - 26*v - 22. Let f be o(14). Calculate a(f).
-4
Let w(k) = -k**3 - 4*k**2 + 3*k + 4. Let a be (24/15)/((-4)/10). Give w(a).
-8
Let i be (2/(-6) - -1)*6. Let u(n) be the third derivative of n**5/60 - n**4/6 + n**3/6 - 13*n**2. Calculate u(i).
1
Let w(i) = -2*i + 7. Let u = -2 + 3. Let k be (-4)/(-6)*(-30)/u. Let z be (k/(-6))/(6/9). Give w(z).
-3
Let y(k) = -k**3 + 5*k**2 - k - 1. Let z(o) = 5*o - 9. Let a(p) = p - 1. Let h(c) = 4*a(c) - z(c). Suppose 0 = -4*t - 0*t. Let f be h(t). What is y(f)?
-6
Let n(s) = -6*s + 2. Let w(y) = 3*y - 2 - y + 1. Let u(m) = -6*n(m) - 17*w(m). Suppose -6 - 14 = 3*c - v, c - 3*v + 20 = 0. Give u(c).
-5
Let p(q) be the first derivative of -q**4/4 + q**3 + q**2 - 3*q + 4. Determine p(2).
5
Suppose 6*l - 7*l = 5*u, 0 = -u. Let f(b) = b**3 - b**2 + b - 24. Determine f(l).
-24
Let w(k) = -2*k**2 + k. Suppose 0 = 2*p - 5 + 1. Give w(p).
-6
Let n = 27 - 26. Let s(l) = l**3 - 2*l**2 + 1. Determine s(n).
0
Let u = 76 - 73. Let q(k) be the first derivative of -k**2/2 - 4*k - 2. Calculate q(u).
-7
Let x(g) = -5*g**3 - g**2 - 4*g - 1. Let p(b) = -b**3 + b**2 - 1. Let j(a) = -4*p(a) + x(a). Determine j(-4).
3
Let v(p) = -3*p**2 + 4*p - 2. Let b = 8 + -5. Suppose -3*m = -3, 2*m + 3 = t + b*m. Suppose z = 3*i + t*i - 18, 3*z = i + 2. What is v(z)?
-6
Let l(r) = r**2 + 7*r - 8. Suppose o + 24 = -4*t + 8, 0 = 2*o + 4*t + 24. Determine l(o).
0
Let g(y) = y**3 - 2*y. Let z = -56 - -58. Give g(z).
4
Let h(w) = -w**3 + 2*w**2 + w - 1. Let m be ((-4)/(-10))/(3/(-60)). Let n(c) = -c - 7. Let p(s) = 1. Let y(a) = -n(a) + 3*p(a). Let t be y(m). Calculate h(t).
1
Suppose 5*a = 3*a + 6, 2*f = -4*a + 24. Let l = -6 + f. Let v(n) = 6 - 5*n - 3 + 4*n. What is v(l)?
3
Let d(w) = -w**3 - 2*w**2 + 3*w + 1. Suppose -3*l = -4*l. Suppose l*r - 2 = r + 4*p, -10 = 5*r - 2*p. What is d(r)?
-5
Let o(s) = 3*s. Let n be o(-1). Let y(v) = 5*v - 2. Let j(i) = -4*i + 2. Let w(q) = n*y(q) - 4*j(q). Calculate w(5).
3
Let s(d) be the third derivative of -d**7/5040 + d**5/15 - 4*d**2. Let j(b) be the third derivative of s(b). Let l be (4/12)/((-2)/6). Determine j(l).
1
Let n(l) = l - 10. Let i be (2/3)/(2/15). Suppose 3*v = 5*v - 6. Suppose -v*w + f = -10, -5 = -2*f + i. What is n(w)?
-5
Let q(u) be the second derivative of u**6/120 + u**5/120 - u**3/2 + 3*u. Let c(s) be the second derivative of q(s). Give c(1).
4
Suppose 9 = -3*u - 5*q, 7 = 5*u - 0*q + q. Let c(n) = -7*n**2 + 4*n - 3. What is c(u)?
-23
Suppose -2*c + 15 = 2*c - 5*i, -5*c = 2*i + 6. Let t = 3 + c. Let x(d) = d**3 - 4*d**2 + 4*d - 3. Determine x(t).
0
Let n(m) = -m**3 + m. Let s(b) = -10*b**3 - b**2 + b - 1. Let u(h) = -2*n(h) + s(h). Determine u(-1).
7
Let r(l) be the first derivative of l**4/4 + 7*l**3/3 + 9*l**2/2 + 8*l - 1. Let f(u) = 7*u + 8. Let b be f(-2). Calculate r(b).
-10
Let a(x) be the first derivative of 0*x + 2/3*x**3 + 0*x**2 + 7/24*x**4 - 1/360*x**6 + 1/30*x**5 + 2. Let w(f) be the third derivative of a(f). Determine w(5).
2
Suppose -m + 6 = 3. Let o(a) = a**3 - 2*a**2 - a - 4. What is o(m)?
2
Let o(z) = -2*z - 10*z**2 + 3*z**2 - 3*z - 14*z**3 + 13*z**3 + 5. Let v be 34/(-6) - 1/3. Give o(v).
-1
Let w(p) = -p. Let b be w(-2). Let s(t) = b*t**3 + 4*t - 6*t**2 - t**3 + 3 + 0*t**3. Calculate s(5).
-2
Let f(a) = -5*a**2 + 2 + 8*a**2 - 4*a**2 - 7*a. Calculate f(-5).
12
Let b(z) = -z**3 + 10*z**2 - 7*z + 1. Suppose 3*i - 36 = -i. Determine b(i).
19
Let x(p) = -p + 3. Let r(l) = l**2 - 10*l + 7. Let w be r(8). Let y(s) = -5*s + 12. Let g(h) = w*x(h) + 2*y(h). Let u = -3 - -3. Give g(u).
-3
Let b(l) = l**2 - 2. Let g(h) = -12*h + 69. Let p be g(6). Give b(p).
7
Let z(m) be the first derivative of 8*m + 2*m**2 + 7 - 2*m + 9 - 3*m**2. Suppose 5*t + 2*f = -0*t + 12, -28 = -3*t + 4*f. Give z(t).
-2
Let m = 19 - 19. Let y(c) = c. Give y(m).
0
Let w(x) = 6*x + 5*x + 4 + 4*x - 7*x. What is w(-4)?
-28
Let l(r) = 4 + 3 - 7 + r - 5*r**2. Let b be l(-1). Let z(g) be the first derivative of -g**4/4 - 2*g**3 + g**2/2 + 2. What is z(b)?
-6
Let u be ((-27)/(-45))/((-2)/10). Suppose -2*b + 12 = 2*b. Let r(k) = 3*k - 1 + 0*k**3 - k**2 - 2 - k**b. Give r(u).
6
Let r(w) = w**3 + 2*w**2 - 5*w + 2. Let u(l) = -l**2 - 9*l - 12. Let m be u(-8). Determine r(m).
-10
Suppose -5*c - 2 - 3 = 0. Let b(a) = 5*a**2 - 2*a - 1. Calculate b(c).
6
Let o(c) = c**2 - 6*c + 4. Suppose -9 = -2*v - 5. Suppose -2*k = -14 + v. Give o(k).
4
Let m(s) = -s**3 - 5*s**2 + 7*s - 1. Let o be m(-6). Let k(r) = 2*r + 4. What is k(o)?
-10
Let p be (14/(-4) + 4)/(1/4). Let q(z) be the first derivative of -1 - 1/2*z**p - z. Determine q(2).
-3
Let t(a) be the first derivative of -a**4/24 - 2*a**3/3 - 3*a**2/2 + 2. Let j(m) be the second derivative of t(m). Calculate j(-3).
-1
Suppose -3 = -3*r - 0*r. Let t be -6 + (-1 + 3 - r). Let x(m) = -m**3 - 4*m**2 + 7*m + 3. Give x(t).
-7
Let y(n) be the first derivative of -n**4/4 + n**3 + n**2/2 - 4*n + 6. Calculate y(4).
-16
Suppose -4*j + 5*c + 13 = 0, 3*j = -j - c - 17. Let r(a) = -a**3 - 3*a**2 - a + 4. Calculate r(j).
7
Suppose 0 = -4*f + 4 + 4. Let z(r) = 3*r - 2*r - 5*r - 9*r**f + 2*r + 1. Determine z(1).
-10
Suppose -3*u - 4 = -7*u. Let t be -6 - -1 - (u - 0). Let f(d) = d + 3. Determine f(t).
-3
Suppose d = s - 2 + 1, 0 = 2*s - 4*d - 6. Let u be -2 - (-2 + s) - -2. Let w(x) = -1 - x**2 + u - 1 - 5*x. What is w(-4)?
5
Suppose 3*l - 20 = 4*k, 2*l + 2*k + 5 = -5. Let h(c) = -c**2 + c - 9. Let s be h(l). Let b = 5 + s. Let w(r) = -r - 5. Calculate w(b).
-1
Let k(x) = 3 - 6*x - 2*x + x + 12*x. Give k(-2).
-7
Suppose -1 = -5*s - y - y, 3*s = -3*y - 3. Let r(v) = 1 - 5*v**3 + 5*v**3 - 6*v**3 - 2*v. Give r(s).
-7
Let o(u) = -13*u**3 + 3*u**2 + 12*u + 1. Let s(r) = -3*r**3 + r**2 + 3*r. Let h(p) = 2*o(p) - 9*s(p). Calculate h(3).
-7
Let s(p) = p**3 - 3*p**2 + 0 - 2*p**3 - 1 + 4*p + 4. Let r be (-2)/(-12) - (-150)/(-36). Calculate s(r).
3
Let m(r) = -r**2 - 15*r + 11. Let q be m(-14). Suppose 0*x - 5 = 3*x - 2*g, q = -3*x - 2*g. Let v(y) = -y**3 - 4*y**2 + 4*y + 1. Calculate v(x).
6
Let r(a) = -a**3 - 5*a**2 - 7*a - 6. Let x(l) = l**3 + 8*l**2 + 7*l - 4. Let t be (-9)/(-6)*-4 + -1. Let i be x(t). What is r(i)?
6
Let b(d) be the second derivative of d**4/6 - d**3/6 + 31*d. Let z be 0 + 0 + 1/(-1). Give b(z).
3
Let m(p) = p - 12. Let y be m(13). Let s(n) = 5*n**2 + 10*n + 2 - 6*n - 3*n - y. What is s(-1)?
5
Let r(c) = -3*c**3 - 15*c**2 - 13*c + 13. Let o(m) = 2*m**3 + 10*m**2 + 9*m - 9. Let q(d) = 7*o(d) + 5*r(d). Determine q(-4).
-6
Let i(n) = n**3 + 2*n**2 - n. Let q be (-1)/(1/10 + 0). Let f = q + 8. What is i(f)?
2
Let h(d) = -d**3 + 3*d**2 + 6*d - 3. Let u = -8 + 12. Let f(a) = a. Let r be f(u). What is h(r)?
5
Let v(s) = s**2 + 2. Suppose -9 = 2*u - 3*c, c - 25 = -4*c. Determine v(u).
11
Let s(k) = -5*k**2 + 5*k - 5. Let x(t) = 2*t**2 - 3*t + 2. Let c(o) = -3*s(o) - 7*x(o). Calculate c(-6).
1
Let x(z) = -4*z + 16. Let n(o) = 2*o - 1. Let c(u) = 3*n(u) + x(u). What is c(-10)?
-7
Let y(j) be the third derivative of j**6/120 - j**4/24 - 13*j**3/6 + 5*j**2. What is y(0)?
-13
Let l(i) = i - 2. Let q be l(4). Let r(b) = -4 + 3 + 2*b - b**2 + 2*b**q. Let j(m) = 2*m**2 + 19*m - 12. Let c be j(-10). What is r(c)?
-1
Let c be 39/3 + 2/2. Suppose -2*q + 4*l - c = -0*l, q + 4*l = -1. Let z(p) = 3*p + 2. Let n(t) = -4*t - 2. Let v(b) = -2*n(b) - 3*z(b). Calculate v(q).
3
Let n(v) be the first derivative of -v**5/60 - v**4/12 + v**3/3 - v**2 - 1. Let a(w) be the second derivative of n(w). Determine a(-4).
-6
Let x(b) = b**2 - b + 5. Let i be x(0). Let n = i - 8. Let j(c) = -3*c. Give j(n).
9
Let t(s) be the first derivative of s**3/3 + 9*s**2/2 + 7*s + 1. Determine t(-6).
-11
Let t(i) be the first derivative of i**3/3 - 2*i**2 + 6*i - 15. Let r(m) = m**3 - m**2 + 4. Let w be r(0). Give t(w).
6
Let g = 19 - 26. Let l(o) = -o - 10. Give l(g).
-3
Let y = 19 + -15. Suppose 0 = -2*w - y*p 